ghest common factor of d and y.
1
Suppose -1464 = -17*n - 597. Calculate the greatest common divisor of n and 33.
3
Suppose -5*h + a - 5 = 0, -6*a + a + 25 = -5*h. Suppose -280 = -5*j + 4*m - h*m, -4*j + 3*m = -225. What is the greatest common factor of 20 and j?
20
Let m = 3 + -5. Let g be 2 - ((-12)/(-3))/m. Let l = -2661 + 2671. What is the greatest common divisor of l and g?
2
Let x be (-180)/360*(-1331 - 1). Calculate the greatest common factor of 18 and x.
18
Let j = 4 + -4. Suppose j = -m + 4 + 2. Suppose -4*q + 2*x = -68, m*q - 3*x = 2*q + 66. Calculate the greatest common factor of q and 36.
18
Let h = 128 + -24. Suppose v - 4*v - 30 = 0. Let r = 3 - v. What is the highest common divisor of h and r?
13
Let h(i) = 2*i**2 - 23*i + 20. Let b be h(11). Let t be ((-1)/1)/((-3)/(b*2)). Calculate the highest common divisor of t and 54.
6
Let i = -31 - -48. Calculate the greatest common divisor of 544 and i.
17
Let c(l) = 3*l - 2. Let x be c(19). Calculate the highest common factor of x and 5.
5
Let r be 11/33 - (-685)/15. Calculate the greatest common factor of r and 1127.
23
Suppose -56 = -3*d + 2*z, 16 = d - 5*z + 3*z. Calculate the highest common divisor of d and 8.
4
Let y be -2 + 1 - (-238)/34. What is the highest common divisor of 150 and y?
6
Let l be (-3 - -7)/((-2)/(-3)). Let g = -399 + 401. Calculate the greatest common divisor of g and l.
2
Suppose 90 = 3*z + 2*z. Let b = 231 + -229. Calculate the highest common divisor of z and b.
2
Let h(r) = 10*r**2 + 194*r + 40. Let p be h(-20). What is the highest common factor of p and 64?
32
Let b = 391 - 390. Calculate the highest common divisor of 8 and b.
1
Suppose -3*s = 13*b - 17*b - 568, 573 = 3*s - 3*b. What is the greatest common factor of s and 21?
7
Let a(k) = -k**3 + k**2 - 5*k + 1168. Let j be a(0). What is the highest common factor of 73 and j?
73
Suppose -3*d - 4*x = 147 - 367, 0 = -4*d - 5*x + 293. Let q be d/(-8) + 9 - 4/(-2). Calculate the greatest common divisor of q and 6.
2
Let u be (0 - -1)*1 - -2. Let n(i) = 2*i - 2*i + i**2 - 4 + 6*i - u*i. Let l be n(12). What is the greatest common divisor of 22 and l?
22
Suppose 2*r + n - 132 = 0, 4*r + 3*n - 300 = -40. Calculate the highest common factor of 17 and r.
17
Let o(p) = 2*p**2 + 8*p + 14. Let q be o(14). Calculate the greatest common divisor of q and 70.
14
Let c = -656 - -881. Calculate the greatest common factor of c and 18.
9
Let u be 4/6 - 2/3. Suppose u = 5*g + 7 - 52. Suppose -3*m + 21 = -g. Calculate the greatest common divisor of 5 and m.
5
Let p be 9/((-126)/(-40))*658. What is the greatest common factor of p and 40?
40
Suppose 0 = 9*x + 730 - 892. Calculate the greatest common factor of 90 and x.
18
Let b be (5 - 18/4)/(4/16). Calculate the highest common divisor of b and 10.
2
Suppose 5*w + 3*k - 2193 = 0, -5*k = -11*w + 7*w + 1784. What is the greatest common factor of w and 49?
49
Suppose -59*b = -46*b - 338. What is the highest common factor of b and 650?
26
Suppose -5*z + 9 = 4*y - 84, y + 32 = 2*z. What is the highest common factor of z and 136?
17
Let d(t) = -t + 44. Let b be d(0). Let n = 566 + -511. What is the highest common factor of n and b?
11
Let s = -108 - -88. Let j be (-128)/s + 6/(-15). Calculate the greatest common divisor of 144 and j.
6
Let g(w) = -w**2 - 5*w + 17. Let p be g(5). Let s be 1 - (0 + p/1)/1. What is the greatest common factor of 17 and s?
17
Suppose -4*h = -12, -2*v + 13*h + 238 = 15*h. Calculate the greatest common factor of 8 and v.
4
Let p = -12 + 19. Let i(c) = 3*c + 8. Let q be i(p). Let g be 24/54*-3*-87. Calculate the greatest common divisor of g and q.
29
Suppose -256 = -7*d + 31. Suppose 0 = 2*a - 13 - d. What is the highest common factor of 108 and a?
27
Suppose -2*c = -c - n + 35, c + 29 = -n. Let j = c - -48. What is the greatest common factor of j and 2?
2
Let l be ((-3)/(-2))/((-33)/(-110)). Suppose w = 6*w - l. What is the highest common divisor of 1 and w?
1
Let g(r) = r**3 - 8*r**2 - 2*r - 7. Let w be g(8). Let j = w - -33. Let f be j/((-2)/16*-4). What is the highest common divisor of 8 and f?
4
Let m be -14*(2 - (-7)/(294/(-660))). Calculate the highest common factor of m and 9.
3
Let s = 21 - 8. Suppose g - 4 = 0, g + s = 5*w - 2*g. Suppose -k + 12 = -w*d - 6, 2*k - 24 = -2*d. What is the greatest common divisor of k and 26?
13
Suppose 15*n - 2*k + 270 = 19*n, n + 5*k = 63. Calculate the greatest common divisor of n and 187.
17
Let k = 2 + 7. Let f = -41 + -24. Let d = 101 + f. Calculate the greatest common factor of d and k.
9
Let q(w) = 0*w + 3930*w**3 - 4*w + 8*w**2 + 5 - 3931*w**3. Let p be q(7). What is the greatest common factor of p and 13?
13
Let p = 4 - 1. Let h be (p + -11)/(0 + -1). Let w = h + 0. What is the greatest common divisor of 4 and w?
4
Let p(n) be the first derivative of n**4/4 - n**3/3 - 3*n**2/2 + 5*n + 20. Let v be p(3). Calculate the highest common factor of 7 and v.
7
Let l = 38 - 17. Let x = -9 - -12. Calculate the highest common factor of l and x.
3
Suppose 5*y + 22 = -98. Let m be (y/(-20))/(((-3)/(-100))/1). Calculate the highest common factor of 24 and m.
8
Let j(n) = 9*n**3 - 3*n**2 + n + 1. Let o = 10 + -7. Suppose 0 = o*w + 2*x - 10 + 2, w - 3 = -x. Let a be j(w). Calculate the highest common divisor of a and 7.
7
Let k(c) = -c**3 + 3*c**2 + 2*c. Let w be k(3). Suppose -o + 18 = w. Let a be 0 + 134 + 5 + -7. What is the greatest common divisor of o and a?
12
Let q = -4610 - -4612. Let v(w) = 1 + w + 4*w**2 + w - 2*w**2. Let j be v(-1). What is the highest common divisor of j and q?
1
Suppose 4*y - 502 + 2118 = 4*u, -4*y = 2*u - 778. Calculate the greatest common factor of u and 228.
57
Let o(w) = -w**3 - 2*w**2 + 6*w + 1. Let v be o(-4). Suppose -31*m = -41*m - 50, -56 = -2*p + 4*m. Calculate the highest common factor of p and v.
9
Let b = -157 + 318. What is the highest common divisor of 69 and b?
23
Suppose -5*u - 43 = -138. Let t = 29 - u. Calculate the highest common divisor of 20 and t.
10
Let t be 1*(-10)/(-15)*3. Suppose h = -5, -4*r + 3*h = -17 - 2. What is the highest common divisor of t and r?
1
Suppose b + 27 = 291. Calculate the highest common factor of b and 44.
44
Let o be (574/(-28) + 17)/((-2)/16). Let u be 196 - 1 - (3 - 4). Calculate the highest common factor of u and o.
28
Suppose 4*j + 4*k = 44, -k + 21 = 3*j - 16. Suppose 2*l + c + j = 102, 10 = 2*c. What is the greatest common factor of 28 and l?
14
Suppose 0 = -3*v + l - 1, 4*v + 6 = -3*l - 4. Let h(x) = 24*x**2 - x - 1. Let a be h(v). What is the greatest common factor of 36 and a?
12
Suppose 2*i - 6 = -0*i. Suppose -i*z - 11 = -29. Suppose 0*m + 3*m - z = 0. What is the greatest common factor of 18 and m?
2
Let q be 1*-1 + (2 - 3)*5. Let w be 2485/75 + q - 2/15. Let t = 4 + 5. What is the highest common factor of w and t?
9
Suppose 5*v + 5*t = t + 1, 5*v = -t + 4. Let c be 3*(4 - (v - -2)). What is the highest common factor of c and 24?
3
Suppose 14*b - 4*b = 60. Let c(l) = -1 + 21 + 2*l + 2*l. Let m be c(b). What is the highest common factor of m and 66?
22
Let t be (-12)/(-8) - (363/(-6) - -3). Suppose -4*p = -t - 181. Calculate the highest common divisor of p and 12.
12
Let w(n) = n**3 + 3*n**2 - 2*n + 6. Let p = 1 + -4. Let u be w(p). Calculate the greatest common factor of u and 4.
4
Let z be (-4 + 2)*7/((-28)/1024). Calculate the highest common factor of 16 and z.
16
Let c be -1 - (-1 - 1)*2. Let a be ((-112)/(-35))/(c/30). Let q = -26 + a. What is the greatest common factor of 18 and q?
6
Let a = 668 - 655. Suppose -y + 78 = 2*y. Calculate the highest common factor of y and a.
13
Let q be ((-2)/(-10) + (-8)/15)*0. Suppose q*d - 440 = -4*d. What is the highest common factor of 10 and d?
10
Suppose 16*m - 22*m = -456. Suppose 3*z - 308 = m. What is the highest common factor of z and 16?
16
Let u = -180 + 220. Calculate the highest common divisor of 24 and u.
8
Let i be (-6162)/(-312) + 2/8. What is the highest common divisor of 10 and i?
10
Let q = -46 + 141. Suppose 0*m - m = -q. Let p(l) = 2*l**2 - 13*l + 31. Let w be p(7). What is the greatest common divisor of m and w?
19
Let k be (-142)/(-1) + (-295)/(-59). What is the greatest common divisor of 9 and k?
3
Suppose -16 - 49 = 5*r. Let s = r - -15. Suppose 5*w = -5*j + 75, 5*w = s*j +